041 a composite number?
False
Is 492345533 composite?
False
Is 8398667 a composite number?
True
Is 9388741 a prime number?
False
Is 12971411 prime?
True
Is 76909403 prime?
True
Is 241763 a prime number?
False
Is 16741839 a prime number?
False
Is 6605693 a composite number?
False
Is 1906769 a prime number?
False
Is 6811223 prime?
True
Is 3205283 a composite number?
True
Is 81182767 a prime number?
True
Is 1563113 a prime number?
False
Is 1897373 a composite number?
True
Is 19277021 a prime number?
True
Is 30496831 composite?
True
Is 196133 a composite number?
True
Is 195066083 prime?
True
Is 975716029 a composite number?
True
Is 483083 a prime number?
False
Is 161022001 composite?
True
Is 1072087 composite?
True
Is 5946821 a prime number?
False
Is 11170451 a prime number?
False
Is 53036771 a prime number?
False
Is 5100397 prime?
True
Is 169713253 a prime number?
True
Is 1514923 prime?
False
Is 17211073 a composite number?
True
Is 4448659 composite?
True
Is 5144507 prime?
False
Is 17209886 a prime number?
False
Is 7856477 a prime number?
False
Is 2922639 composite?
True
Is 109221137 a composite number?
False
Is 85078031 composite?
False
Is 31107403 a composite number?
False
Is 116573843 prime?
False
Is 17326697 a composite number?
False
Is 1052783 a prime number?
False
Is 110974767 a composite number?
True
Is 2318879 a composite number?
False
Is 473314805 composite?
True
Is 6980321 composite?
True
Is 31222423 a composite number?
True
Is 188338 composite?
True
Is 10358737 a composite number?
False
Is 24367531 prime?
False
Is 4037071 a composite number?
True
Is 1996765 a composite number?
True
Is 35231563 a prime number?
True
Is 439486633 prime?
True
Is 577741 prime?
False
Is 275203 a prime number?
False
Is 1879617671 prime?
True
Is 141804107 prime?
True
Is 1099552567 prime?
False
Is 497136319 prime?
False
Is 39109529 a composite number?
False
Is 16806059 a composite number?
True
Is 5047763 a prime number?
False
Is 7418837 a composite number?
True
Is 1271549 prime?
False
Is 3832177 a composite number?
False
Is 208705169 composite?
False
Is 80049247 composite?
True
Is 62254973 a composite number?
True
Is 129830167 prime?
True
Is 915641 a prime number?
True
Is 1979807 prime?
True
Is 44999211 composite?
True
Is 17203982 a prime number?
False
Is 64229 prime?
False
Is 2466823 composite?
True
Is 12092057 a composite number?
True
Is 6275141 prime?
True
Is 4182589 a composite number?
False
Is 1335101 a composite number?
True
Is 109489 composite?
True
Is 8707729 a composite number?
True
Is 5196311 prime?
True
Is 133921607 a prime number?
False
Is 3904031 prime?
True
Is 594376733 a composite number?
True
Is 31988009 a composite number?
True
Is 66077 prime?
False
Is 59985017 prime?
True
Is 23107669 composite?
True
Is 266924249 a composite number?
False
Is 10562411 a prime number?
True
Is 637369 a prime number?
True
Is 14222191 a composite number?
False
Is 4362671 composite?
False
Is 13274111 prime?
True
Is 112334281 a composite number?
False
Is 110323141 composite?
True
Is 2862991 a composite number?
False
Is 62375573 prime?
False
Is 1398731 composite?
False
Is 31153823 a composite number?
False
Is 38593 composite?
False
Is 83982511 composite?
False
Is 29245631 a composite number?
True
Is 66391657 a composite number?
False
Is 701259821 a composite number?
False
Is 40474363 a composite number?
False
Is 650653 composite?
True
Is 1144447 a prime number?
False
Is 69369169 prime?
True
Is 19821221 prime?
False
Is 978629957 a composite number?
False
Is 902149 prime?
False
Is 103346951 prime?
True
Is 532201 composite?
True
Is 2411099 prime?
False
Is 1232905151 composite?
False
Is 23477435 a prime number?
False
Is 1006852367 a prime number?
True
Is 6650233 a prime number?
True
Is 10290167 a prime number?
True
Is 2222443 a composite number?
False
Is 584986973 a prime number?
True
Is 4229879 composite?
True
Is 787870235 a composite number?
True
Is 3874823 a composite number?
False
Is 604005719 a composite number?
True
Is 79209665 prime?
False
Is 67403243 composite?
False
Is 6063313 a prime number?
True
Is 13128121 prime?
False
Is 129454291 a composite number?
False
Is 2150033 a prime number?
False
Is 85636597 composite?
False
Is 4589459 composite?
True
Is 12917747 prime?
False
Is 96463 composite?
True
Is 1507343 a composite number?
True
Is 2199061 composite?
False
Is 379631435 a prime number?
False
Is 46875191 a composite number?
True
Is 65332997 composite?
False
Is 4030729 composite?
True
Is 26434781 a composite number?
False
Is 1473149 a prime number?
True
Is 417931 a prime number?
True
Is 901963 composite?
False
Is 5437607 a composite number?
True
Is 146527721 a composite number?
False
Is 702913 a prime number?
True
Is 743893 a prime number?
False
Is 998533 composite?
True
Is 3723343 a prime number?
False
Is 49485949 a prime number?
False
Is 152391233 a prime number?
True
Is 3184453 composite?
True
Is 151175473 composite?
False
Is 21445693 composite?
True
Is 2537837 a prime number?
True
Is 46757719 a composite number?
False
Is 322261 composite?
False
Is 9483821 prime?
False
Is 5540849 a prime number?
True
Is 2289863 composite?
False
Is 3577771 composite?
False
Is 3363869 a composite number?
True
Is 20508469 prime?
False
Is 11879547 prime?
False
Is 221253029 a prime number?
True
Is 601109 a composite number?
True
Is 1080491 a composite number?
False
Is 28084778 composite?
True
Is 331947023 composite?
False
Is 25710271 composite?
True
Is 16857587 prime?
True
Is 127847 a prime number?
False
Is 14537441 a prime number?
True
Is 64722703 a prime number?
True
Is 6942031 a prime number?
True
Is 2979541 composite?
False
Is 12006409 a prime number?
True
Is 361987 composite?
True
Is 558029 a composite number?
False
Is 1945381 a prime number?
True
Is 161137 prime?
True
Is 36344613 a prime number?
False
Is 5887163 composite?
False
Is 2118245 a prime number?
False
Is 58673233 prime?
True
Is 52737059 a prime number?
False
Is 139023537 a composite number?
True
Is 133223 a prime number?
False
Is 212756014 composite?
True
Is 273402377 a composite number?
True
Is 404189 a composite number?
False
Is 139807 prime?
False
Is 2137097 a composite number?
True
Is 11987377 a composite number?
False
Is 29285261 a composite number?
False
Is 381737 a composite number?
False
Is 8198191 composite?
False
Is 53308081 a prime number?
False
Is 759365089 prime?
False
Is 16494245 prime?
False
Is 11606473 composite?
True
Is 6667457 prime?
True
Is 24136847 a composite number?
True
Is 11897051 composite?
False
Is 2562097 a prime number?
True
Is 290799701 composite?
False
Is 47186521 composite?
False
Is 31685201 a prime number?
True
Is 7800941 composite?
False
Is 1794145 a composite number?
True
Is 17814221 a composite number?
False
Is 36767659 prime?
True
Is 38619623 a prime number?
False
Is 65593571 a prime number?
True
Is 2291249 prime?
False
Is 1430870147 a prime number?
False
Is 75721 a composite number?
False
Is 145303139 a composite number?
True
Is 11161543 prime?
True
Is 37182289 a composite number?
False
Is 5525183 composite?
False
Is 674055247 a composite number?
True
Is 53064121 composite?
True
Is 746199227 composite?
False
Is 22109897 a composite number?
True
Is 18163807 a composite number?
False
Is 364307 composite?
True
Is 33004013 a prime number?
False
Is 89335069 a prime number?
True
Is 69271431 a composite number?
True
Is 86237927 a composite number?
False
Is 35116513 a composite number?
False
Is 321356311 prime?
False
Is 291156829 composite?
False
Is 54415029 a composite number?
True
Is 30397 composite?
True
Is 1698322 composite?
True
Is 7722281 a prime number?
False
Is 2099 prime?
True
Is 11197489 prime?
True
Is 106291 prime?
True
Is 2196769 composite?
True
Is 21907447 prime?
True
Is 2548061 composite?
False
Is 1385561 a composite number?
False
Is 12470881 a prime number?
True
Is 921434803 a prime number?
False
Is 467507197 a composite number?
False
Is 38961917 a composite number?
True
Is 24467829 composite?
True
Is 2312249 a prime number?
True
Is 2274259 composite?
True
Is 14428573 a prime number?
False
Is 10146505 prime?
False
Is 5747299 a composite number?
True
Is 7535129 prime?
False
Is 474789773 a prime number?
True
Is 37863967 prime?
True
Is 1118123 composite?
False
Is 3482247 